
Let y(n) be the second derivative of -n**4/4 - n**3/6 + n**2/2 - 5*n - 549. Let h = 0 + 2. Calculate y(h).
-13
Let b(t) = 115*t + 11. Let h(g) = 22*g + 1. Let w(r) = -b(r) + 6*h(r). Give w(5).
80
Let w(y) = -46 - 122 - 15*y - y + 3*y - 9*y. Let v be w(-8). Let p(r) = -r**3 + 9*r**2 - 8*r + 1. What is p(v)?
1
Suppose -2*p + 10*p = -24. Let b be -4 + 16 + 0 + 1*p. Let a(d) = -d**3 + 8*d**2 + 9*d. Give a(b).
0
Let x(h) = -h**3 + 45*h**2 - 164*h + 8. Suppose 186 + 605 + 193 = 24*m. Give x(m).
8
Let f be (-9)/((-27)/2656) + (-2)/(-3). Let k(v) = -2 - v**2 + 0 - 892*v + f*v. Suppose 5*o + 7 = -28. Calculate k(o).
-9
Let r = -70 + 71. Let v(o) = -2*o + 0 + 2*o**2 + o**2 - r - o**2. Suppose -4 = 12*f + 8. Give v(f).
3
Suppose -5*z - 63 = f - 13, -82 = 2*f + 4*z. Let b be 9 + 305/f + (-38)/(-14). Let y(p) = -2*p + 5. Calculate y(b).
-1
Let s(m) = -32*m + 15. Let t(r) = 13*r - 6. Let g(x) = -2*s(x) - 5*t(x). Let j be 415/(-15) + 1/(-3). Let b be (-12)/9 + j/(-21). Determine g(b).
0
Let p(i) be the first derivative of -1/4*i**4 + 9/2*i**2 + 13 + 0*i - 1/60*i**5 + 7/6*i**3. Let d(z) be the second derivative of p(z). What is d(-6)?
7
Let h(k) = -k**2 + 8*k + 1. Let a(x) = x**2. Let f(g) = -2*a(g) - h(g). Let c be 21*(-13 + 380/30). What is f(c)?
6
Suppose 3*b = -2*m + 4, b - 13 = m - 4*m. Let j be ((1 + -2)*4)/b. Let o(s) = 32*s + 1 - 105*s + 35*s + 30*s. Give o(j).
-15
Let p(m) = -1104 - 8*m + 3*m + 1130. Let n(c) = -6*c + 26. Let o(z) = 3*n(z) - 4*p(z). Determine o(17).
8
Let y = -360 + 151. Let a = y + 201. Let v(d) = -d**2 - 7*d + 6. Calculate v(a).
-2
Let b(g) be the third derivative of -7*g**2 - 1/3*g**4 + 1/120*g**6 + 0 + 7/6*g**3 + 0*g - 1/12*g**5. What is b(6)?
-5
Let u(r) = r + 14. Let k be 63 + -91 - 4/((-8)/18). Give u(k).
-5
Let o(c) = -c**2 - 5*c + 2. Let r = -292 - -297. Suppose 8 = -2*b, 3*q - 8*b + r*b = 0. Determine o(q).
6
Let r(c) = 196*c**2 - 8 - 195*c**2 + 17*c - 28. Let f be r(-19). Let o(v) be the third derivative of -v**5/20 + v**4/8 - v**3/3 + 7*v**2. What is o(f)?
-8
Let p(r) be the third derivative of r**5/60 + 5*r**4/8 + r**3/2 + 3563*r**2. Give p(0).
3
Let j(i) = i**2 - i - 2. Suppose 6 = -o + 4*o, 5*a + 2*o = 14. What is j(a)?
0
Let s(p) be the third derivative of p**5/30 - 23*p**4/8 - 4*p**3 - 4*p**2 - 25*p. What is s(35)?
11
Suppose -210 = -30*h - 12*h + 72*h. Let y(q) = -13*q - 73. Determine y(h).
18
Let c(l) = l**3 - 4*l**2 + 2*l - 4. Suppose -37 = -3*r + 4*z - 6*z, 2*z + 40 = 4*r. Suppose 6*y + p - r = 4*y, -3*p = -15. Determine c(y).
-7
Let o be ((-2432)/1596)/((-3)/(-9)) + 4/7. Let k(j) be the third derivative of -j**6/120 - j**5/15 - j**4/8 + j**3/3 - 3*j**2. Determine k(o).
14
Let z(o) = -o**3 + o**2 - 6. Suppose -47*k = -43*k - 24. Suppose -k = 5*f - 2*v, -14 = 4*f - 4*v - 2. What is z(f)?
-6
Let d(m) = -m**2 + 3*m. Let g(n) = n**2 + 2*n + 8. Suppose -3 = 4*j - j. Let r(o) = j*g(o) - 2*d(o). What is r(9)?
1
Let y(m) = -171*m**2 + 4*m - 166*m**2 + 345*m**2 + 2*m**3. Let k(u) = 2*u**3 + 9*u**2 + 5*u. Let d(v) = 6*k(v) - 7*y(v). Determine d(-2).
4
Let b(s) = s**3 - 3*s**2 + 4. Let l(a) = -2*a**3 - 10*a**2 + 4*a + 10. Let o be l(-8). Let n = 365 - o. What is b(n)?
4
Suppose 3*a + 3 = -3*h, -116*a - h = -113*a + 3. Let u(n) be the first derivative of -7*n**2 + n + 15. Give u(a).
15
Let c(n) = -248 - 23474*n - 23480*n + 46974*n. What is c(13)?
12
Let f be (3/4)/(18291/(-676) - -27). Let t(u) = -u**2 - 10*u + 39. Give t(f).
0
Let c(s) = 1957 - 1957 - s. Let q be 3*(-115)/(-10)*2/3. Suppose -3*w = -k - q, 2 = w + k + 1. Give c(w).
-6
Let w(p) = p**3 - 6*p**2 - 4*p + 1. Let z be w(6). Let l = z - -27. Suppose 4*x + 3*t + l = -9, -5*t - 12 = -3*x. Let f(h) = 7*h. Calculate f(x).
-7
Suppose -5*v = 45 + 13 + 22. Let h(r) = -2*r**2 - 31*r + 4. What is h(v)?
-12
Let b be (32/(-44))/(224/77 - 3). Let q(a) = a**2 - 17*a + 41. Determine q(b).
-31
Suppose 6*u - 29 = 55. Let y(c) = u*c**2 + c**3 + 8 - 4*c**2 - 2*c**2. Calculate y(-8).
8
Let h(k) = 5*k**2 - 2*k - 1. Let f = 66 + -64. Suppose 115 = f*s + o, -2*s + s = o - 56. Let b = 61 - s. Calculate h(b).
15
Let a(j) be the third derivative of j**7/2520 - 7*j**6/720 + j**5/24 + 13*j**4/24 - 12*j**2 - 6*j. Let q(w) be the second derivative of a(w). What is q(7)?
5
Let x(a) = -a. Let i be x(6). Let m be -2 - (i/1 + 1). Suppose -m*l = -4*n + 9, -3*n + 11 = -l + n. Let g(t) = -8*t**2 + t - 1. Determine g(l).
-8
Let a(g) be the first derivative of -g**3/3 - 11*g**2/2 + 4*g - 4. Let q(j) = j**2 + 26*j - 1067. Let m be q(-48). Determine a(m).
4
Let s(r) be the second derivative of -1/20*r**5 + 2/3*r**4 + 2*r - 2*r**2 + 0*r**3 + 0. What is s(8)?
-4
Let v(f) = -f**3 - 5*f**2 + 19*f. Let p be (1 - 2)/(-1)*(-120)/15. What is v(p)?
40
Let w(h) be the second derivative of -h**7/420 - h**6/120 - h**5/40 - h**4/6 + 151*h**3/6 - 153*h. Let t(u) be the second derivative of w(u). Determine t(-2).
6
Let n(p) be the third derivative of p**6/60 - 7*p**5/12 + 7*p**4/12 + 22*p**3/3 - 3516*p**2. Calculate n(17).
-7
Let v(i) = i**2 - 7*i + 2. Let n be 75*(5 - (-37)/(-5)). Let y = n + 185. Calculate v(y).
-8
Let g(p) = -p**3 + 10*p**2 + 4*p + 91. Let c = -974 + 985. Give g(c).
14
Let r(j) = -j**2 - 5*j - 7. Let o be (100/30 + -2)*6/4. Suppose k - 15 = 5*h - 0*k, 0 = h + o*k - 8. What is r(h)?
-1
Let x = 323 - 219. Let g be ((-4)/18 - x/18) + 3. Let j(d) = -4*d**2 + 2*d. Give j(g).
-42
Let s be (-13 + 207/18)/(9/12). Let j(u) be the third derivative of 0 + 3*u**2 - 1/6*u**3 + 1/24*u**4 + 0*u. What is j(s)?
-3
Let x be (-2)/18*15*-3. Suppose 2*n - 42 = -3*m, x*m - 57 = m - 3*n. Let z(q) = q**3 - 12*q**2 + 6. Determine z(m).
6
Let l(h) = -4*h**3 + 70*h**2 + 36*h + 3. Let o = -2778 - -2796. Calculate l(o).
3
Let o(y) = -16*y + 50. Let a be o(3). Let l(j) be the second derivative of 0 + 0*j**a - 5*j + j**3 + 1/12*j**4. Give l(-6).
0
Let p(h) = 2*h**3 + 3*h**2 - h + 3. Let g = -423 - -425. Let y(d) = -d**2 + 7*d + 12. Let s be y(8). Suppose 5*z + 3 = 3*k, g*z - z + 19 = -s*k. What is p(z)?
-21
Suppose 98 = 237*b - 251*b. Let v(p) = p - 3. Determine v(b).
-10
Let c = -2894 - -2900. Let v(x) = x**3 - 6*x**2 + 5*x - 8. Give v(c).
22
Let h be (-1)/((-15)/95) - 40/8. Let d(w) be the second derivative of 0 + h*w**3 + 1/12*w**4 - 3/2*w**2 - 7*w. Determine d(-6).
-15
Let g(a) = 19*a - 112. Suppose 2*x + 3 - 11 = 2*w, -4*w = 2*x - 20. Let j be g(x). Let m(v) = v**2 + 2. Determine m(j).
6
Let s(y) = y**2 + y + 4. Suppose 0*a = -2*a - 10. Let h = a + 5. Let b = 0 - h. Determine s(b).
4
Let j(m) = 2*m**2 - 6*m. Let y(w) = w + 8. Let s be y(-18). Let i be 294/(-15) + (-6)/s. Let l be i + 21 + 2 + 0. Calculate j(l).
8
Let o(m) = 6*m**2 - 19*m - 116. Let j be o(-9). Let f(k) = 0*k + k - 2*k - 539 + j. Calculate f(-8).
10
Let w(v) = v + 25. Let k = 11442 - 11462. What is w(k)?
5
Suppose 180*r + 192*r = 362*r + 40. Let m(x) = -x**2 + 14*x - 12. Determine m(r).
28
Let j(u) = 158*u**3 + 9*u**2 - 26*u. Let q(w) = 118*w**3 + 10*w**2 - 25*w + 1. Let n(p) = 3*j(p) - 4*q(p). Determine n(4).
4
Let s(r) = -14*r + 5*r - r**3 - 1629 + 809 + r**2 + 2*r**3 + 813. Determine s(-3).
2
Let y(p) = 4*p**2 - 7*p + 7. Let s(z) = z**2. Let t be 5/(-2)*((-21)/7 + 5). Let n(i) = t*s(i) + y(i). Give n(-8).
-1
Let f = -221 + 132. Let t = f - -96. Let u(b) = -4 - 4*b**2 - 3*b**2 - 3 + 5*b + 4*b**3 - 3*b**3. What is u(t)?
28
Let g(p) = 13*p**3 - 1. Let n = 8 + -9. Let w be -2 + -5 + n + (-2)/(-2). Let f be -3 + w/((-28)/8). Calculate g(f).
-14
Let y(o) = -37*o + 10*o + 6 + 8 + 13*o - 9. What is y(6)?
-79
Suppose -h + 4*t = 21, -3*h - 19 = -4817*t + 4816*t. Let n(m) = -2*m**2 - 4*m + 8. What is n(h)?
-22
Let s = -16 + 27. Let u = s - -20. Suppose 13 = -11*z - u. Let a(w) = w + 2. Calculate a(z).
-2
Let s(v) = 3*v**2 + 75*v + 12. Let u(g) = g**2 + 26*g + 4. Suppose 21*q = 23*q + 12. Let y(a) = q*s(a) + 17*u(a). Give y(-6).
8
Let i be (-25)/180*((-810)/100)/27. Let x(l) be the third derivative of -i*l**4 + 0 - 1/3*l**3 - 2*l**2 + 0*l. What is x(-4)?
2
Let y(z) = 4*z + 5. Suppose -3*r = -5*d - 116, 0*d + 4*r = -3*d - 58. Let n(f) = 5*f + 102. Let x be n(d). Determine y(x).
-27
Let x(u) = -u**3 + 21*u**2 + 23*u - 42. Let l(h) = 3*h**3 - 64*h**2 - 65*h + 127. Let g(v) = 4*l(v) + 13*x(v). Calculate g(19).
-19
Let w(p) = -p - 8. Let u = -196 - -1. Let o = u + 19